ppose -45*y - 2 = -d - 46*y, -4*d + 35 = -5*y. Let v(m) be the first derivative of 1/2*m**2 - m + 2. Determine v(d).
4
Let t(x) be the first derivative of x**3/3 + x**2 - 679. Let l(f) = -f**2 + 7*f - 7. Let u be l(5). Suppose -6 = u*d - 0*d. What is t(d)?
0
Suppose -w - 3 = -0*w. Let t(a) = -a - 1. Let m(g) = -128 + g + 132 + 0*g. Let s(y) = m(y) + 2*t(y). What is s(w)?
5
Let g = -45 - -47. Suppose -g*t - 1 = -5. Let h(k) = -5 + 2 + 2 - t*k. Determine h(-2).
3
Suppose -3*u - 552*s + 549*s = 0, s - 15 = 2*u. Let n(c) = -4*c**2 - 7*c + 66. Give n(u).
1
Let a(d) = -8*d - 51. Suppose -r - 25 = 6*i - 8, r + 5*i + 15 = 0. Give a(r).
-11
Let u be 4/(-18) - (10 - (-2248)/(-72)). Suppose 2*p - 35 = v, 3*v - 2*p = -3*p - 70. Let q = u + v. Let j(c) = c + 4. Calculate j(q).
0
Suppose 11*c - 10 = 6*c. Let p(d) = d**2 - 2*d**c - 3*d + 3 + 4*d - 5*d. Calculate p(-4).
3
Let z(g) = -38*g - 271. Let v(t) = -191*t - 1442. Let f(y) = -2*v(y) + 11*z(y). Give f(-3).
11
Let m(n) = -15*n - 14*n + 35*n - 9*n. Suppose j + 0*j = -4. Let g be 6/j*8/6. Give m(g).
6
Let f(z) be the first derivative of -z + 7/2*z**2 + 35. Determine f(1).
6
Let n = 3 - 4. Let g(j) = -j**3 + 2*j**2 - 10*j. Let w(s) = -13*s**3 + 6*s**2 - 30*s + 1. Let q(z) = 3*g(z) - w(z). Give q(n).
-11
Let k = 65 + -65. Suppose -17*x + 13*x + 20 = k. Suppose 4*o = -2*r + 8, -9*r + 34 = -x*r - o. Let f(p) = 2*p - 12. Calculate f(r).
4
Let x(z) = -z**3 + 4*z**2 - 2*z + 1. Let s be (-1 + (-3)/(-1))*(15 + 5). Let k = s - 39. Let n be (-3 + k)*-6*(-2)/(-8). Give x(n).
4
Let g(n) = -n**2 - 15*n - 48. Let z be ((-319)/(-957))/(2/(-42)). Determine g(z).
8
Let u(w) = 0*w + 4*w + 5 - 6*w. Let x(b) be the first derivative of b**3/3 - b**2/2 - 8*b + 28. Let s be x(-3). Determine u(s).
-3
Let c(u) = -18*u**2 + 7*u**2 + 8*u**2 + 2*u**2 - u - 45. Determine c(0).
-45
Suppose 415*c - 396*c = -38. Let l(y) = 3*y**2. Give l(c).
12
Let n(t) = -t**2 - 8*t - 7. Let d be (-9468)/(-54) + (-2)/6. Let z = d + -181. What is n(z)?
5
Let k(s) = 2*s - 3*s - 1 + 2*s. Suppose z - 207 = 70*z. Give k(z).
-4
Let c(l) = 34*l - 11. Let t(f) = -2*f - 4. Let q(x) = c(x) - 3*t(x). What is q(2)?
81
Let l(h) = -h**2 - 24*h - 66. Let d(r) = 4*r**3 + 8*r**2 + 11*r + 1. Let v be d(-2). Determine l(v).
-3
Let t(s) = 84*s**2 - 83*s**2 - s + 454 - 6*s**3 - 452. Give t(1).
-4
Let t(l) = -2*l**3 + 13*l**2 + 10*l - 26. Let n be (11 + -5)/(-2 - 1) - -9. Calculate t(n).
-5
Let d(y) be the second derivative of -5/6*y**3 - 237*y + 0 - 1/12*y**4 + 1/2*y**2. Let c(n) = -n**3 - 7*n**2 - 6*n - 5. Let k be c(-6). Calculate d(k).
1
Let b(j) be the third derivative of j**5/60 + 23*j**4/24 - 9*j**3 + 551*j**2. Calculate b(-25).
-4
Let a(m) = -61*m + 9 - 51*m + 3 + 122*m. Let f(i) = -7*i - 8. Let w(z) = -5*a(z) - 7*f(z). Determine w(4).
-8
Let t(b) be the first derivative of -3 - 2*b**3 - 1/4*b**4 + 0*b**2 + 6*b. Calculate t(-5).
-19
Let n(b) = 5*b. Suppose 109*w - 227*w - 50 = -108*w. Calculate n(w).
-25
Suppose 2*t - 8 = 4*t. Let y(k) = -10*k - 806 + 433 + 395. Let j(q) = -7*q + 15. Let d(p) = 7*j(p) - 5*y(p). What is d(t)?
-9
Let x(t) = 9*t + 8. Let p(c) = -9 + 7*c + 2 - 15*c. Let i(a) = 3*a**2 + 25*a + 22. Let n be i(-7). Let b(s) = n*p(s) - 5*x(s). Calculate b(-6).
-16
Suppose -16*x + 9*x + 37*x + 90 = 0. Let y(r) be the first derivative of -r**3/3 - r**2 + 4*r - 1. What is y(x)?
1
Let b(h) be the second derivative of -h**5/20 - 3*h**4/4 - 7*h**3/6 + h**2/2 - 2*h. Let o be ((-182)/63)/(-13) - (-358)/9. Let a be (16/o)/(2/(-40)). Give b(a).
-7
Let i(w) be the first derivative of -w**5/20 - 7*w**4/12 - w**3/3 + 5*w**2/2 - 112*w + 119. Let g(d) be the first derivative of i(d). Give g(-6).
-19
Let w(i) = 4 + 435*i**2 - 433*i**2 - 3. Let v(c) = 9*c**2 - 10*c + 3. Let f(m) = v(m) - 5*w(m). What is f(-10)?
-2
Let x(o) be the third derivative of 0 - 1/24*o**4 + 9*o**2 - 1/60*o**5 + 0*o + 0*o**3. Let r(k) = 6*k**3 + 5*k**2 + 7*k. Let q(l) = r(l) + 6*x(l). Give q(1).
6
Let g(x) = 3*x**2 - 2*x + 23. Let j(p) = 20*p**2 - 13*p + 143. Let z(h) = -13*g(h) + 2*j(h). What is z(-10)?
87
Let t(o) = o**2 + 8*o + 3. Suppose 10 = 8*w - 10*w. Let k be t(w). Let p(l) = -l**2 - 9*l + 38. Let f be p(k). Let x(d) = 2*d - 3. Calculate x(f).
1
Suppose -1 = -5*f - 1. Suppose f = -3*q - 71 + 50. Let v(o) be the third derivative of o**6/120 + 2*o**5/15 + o**4/4 - o**3 + 4*o**2. Determine v(q).
1
Let i(q) = -q - 4. Suppose 3*s + 2*s - 25 = 0. Suppose 5*y + 2 = -n + 4, 0 = 3*y - s*n + 10. Determine i(y).
-4
Let j(t) be the third derivative of 43*t**4/24 - 71*t**3/2 - 4088*t**2. Calculate j(5).
2
Let i be 174/21 - (-2)/(-7). Let n(m) = -m**2 + 21*m - 60. Let v be n(8). Let o(b) = -v*b + i + 38*b - 1 + 0*b**2 - b**2. What is o(-8)?
-9
Let l(x) = 4*x - 61. Let u(q) = -5*q + 86. Let a(d) = -4*l(d) - 3*u(d). What is a(-15)?
1
Let k(p) = -7997 + 3998 - 5*p + 3969. Give k(-14).
40
Let k(o) = o**2 - 2*o - 1. Suppose 3*g - b - 18 = 2*b, g + b - 6 = 0. Let u(z) = -z**2 + 3*z + 2. Let f(n) = g*k(n) + 4*u(n). Give f(2).
10
Suppose -63*t - 72 = -59*t + 4*k, 0 = -2*t + 4*k. Let j(i) = -2*i**2 - 23*i + 10. Calculate j(t).
-2
Suppose 0 = 715*f - 698*f - 204. Let b(r) = 11*r + 7. What is b(f)?
139
Let o(h) be the third derivative of 0*h + 1/6*h**3 + 7*h**2 - 7 - 1/24*h**4. Give o(0).
1
Let y(a) = -3*a + 5. Let u be 126/30 - 34/170. Determine y(u).
-7
Let f(g) = -6*g + 50. Let t = -4572 + 4581. What is f(t)?
-4
Let w(h) = 7*h**2 - 75*h + 75. Suppose 0 = 4*z - g, 28*z + 7 = 31*z + g. What is w(z)?
7
Let p(j) = 3*j - 69 + 26 - 2*j**3 + 0*j**3 + j**3 + j**2 + 34. Give p(4).
-45
Let o(d) = -d**3 + 9*d**2 + 9*d + 56. Let l be o(10). Let p = -34 + l. Let n(z) = -z + 8. Give n(p).
-4
Let y = -527 + 534. Let v be 6 + (4 - y) + -4. Let a(r) = -5*r**3 + r**2 + 3*r + 2. Determine a(v).
5
Let t(a) = -5*a**2 + a + 12. Let x(b) = 2*b**2 + b. Let r(f) = -t(f) - 2*x(f). Calculate r(-7).
58
Let x(h) = h**3 - 21*h**2 + 19*h + 2. Let c be 1 + ((-5)/(-20) - 75/(-4)). Calculate x(c).
-18
Suppose 4*w - 4*g - 1 = w, 4*w - 2*g - 8 = 0. Let y be (0 + 6)/(w - (-81)/(-18)). Let i(m) = -m**2 - 6*m - 5. Calculate i(y).
3
Let f = 2507 - 2513. Let s(z) = z**3 + 9*z**2 + 19*z + 5. What is s(f)?
-1
Let v(k) = 3*k**2 - 7*k - 34. Let s be 1101/(-734) + 1 + 10/(-4). Determine v(s).
14
Let x(k) = 0*k**3 + k**3 - 83*k**2 + 94*k**2 - 10*k + 29. What is x(-12)?
5
Let r(t) = -2*t**3 - t + 1 + 2*t**2 + 3*t**3 - 4*t**2. Suppose -j - 2*m + 3 = 0, -32*j - 4*m - 12 = -36*j. Determine r(j).
7
Suppose 5*j - u + 82 = 0, 0 = -56*j + 55*j - 5*u + 20. Let b(a) = -5*a - 28. What is b(j)?
47
Let d(g) = g**3 - 3*g**2 - 3*g + 2. Suppose -4*b = -b + 9, 3*i = -5*b + 2112. Suppose -729 + i = -5*h. Calculate d(h).
6
Let y(z) = -z**3 + z**2 + 2*z + 2. Suppose 3*b = -3*i - 24, -72*b = -3*i - 73*b - 12. Give y(i).
10
Let l(f) = -2. Let o(s) = 7*s + 36. Let g(z) = -3*z - 18. Let k(p) = 5*g(p) + 2*o(p). Let c(d) = k(d) - 5*l(d). Determine c(-10).
2
Let w be 4/(16/14)*728/637. Let a(f) = -15*f + 12. Determine a(w).
-48
Let x be (-4 - (90/24 + -8))/((-1)/(-84)). Let r(o) = o + 16. Give r(x).
37
Let y = -95 + 93. Let t be (-16)/(-6) + y*3/9. Suppose t*k + 2 = -4*u, -4*u - 5*k - 6 = -1. Let q(i) = i**3 + i + 7. What is q(u)?
7
Suppose -i - 8 = -b, -20 = 5*b + 2*i - 25. Let c(s) = -6*s + 5 + 4*s - b*s - 6. Determine c(2).
-11
Let r(l) be the second derivative of l**5/20 + l**4/12 + l**3/6 + 8*l**2 - l + 1652. Suppose -2*f + 5 = -d, 3*d = -f + 4*d + 5. Determine r(f).
16
Suppose l - 33 = 4*t, 3*t - 2*t = 2*l - 17. Let k(c) = 13392*c + 15. Let u(z) = -8929*z - 15. Let n(q) = 2*k(q) + 3*u(q). What is n(t)?
6
Suppose -5*n - 324 = -2*b, 17*n - 5*b = 16*n - 74. Let a = -61 - n. Let r(m) = 3*m + 4. Calculate r(a).
13
Let d(x) = -15*x**2 - 16*x + 5. Let v(s) = -13*s**2 - 15*s + 5. Let i(o) = -6*d(o) + 7*v(o). What is i(-10)?
-5
Let c(p) be the third derivative of 5*p**4/12 + 7*p**3/6 - 1987*p**2. What is c(2)?
27
Suppose h + 5*m - 35 = 0, 2*h + 3*m = -0*h + 98. Suppose 23 - h = 4*x. Let g = x + 10. Let p(i) = i**3 - 3*i**2 + 2. Determine p(g).
-2
Let a be ((-285)/(-665))/(2/(-42)). Let u(b) be the first derivative of -b**3/3 - 13*b**2/2 - 31*b - 3. Let t be u(a). Let r(f) = -f + 2. Give r(t).
-3
Let i(s) = -39*s + 18*s**2 - 5*s**3 + 22023 - 21919 + 4*s**3. Determine i(16).
-8
Suppose -5